tor of 27 and u.
9
Let b(w) = -6*w + 3. Let s(j) = 18*j - 10. Let c(v) = 16*b(v) + 5*s(v). Let z be c(-2). What is the highest common factor of z and 110?
10
Let l(g) = -11*g. Let f be l(-1). Let h = 81 + 7. What is the highest common factor of h and f?
11
Let l(h) = h**3 - h**2 - 3*h - 3. Let m be l(3). Let r(q) = -q**2 - 10*q + 202. Let x be r(10). What is the greatest common factor of m and x?
2
Let i be -1 - -2 - (-1 - 15). Suppose -46*s + 43*s + 18 = 0. Suppose s*c - 39 = 3*c - 3*r, 0 = c + 2*r - i. What is the highest common factor of c and 36?
9
Let s = 226 - 37. Calculate the greatest common divisor of 21 and s.
21
Let b = 89 + -36. Suppose -3*f - 3*g = g - b, 3*f - 55 = -5*g. Calculate the highest common factor of f and 75.
15
Let t(c) = 11*c**2 + 1. Let z be (7 - 5)/((-1)/(-1)). Let m be t(z). Let l be 26/3 - 2/(-6). What is the highest common factor of m and l?
9
Suppose -4*h + 2*h + 6 = 0. Let n be (3/(-6))/((-2)/72). Calculate the greatest common factor of n and h.
3
Let m be 9/6*316/6. Let z = 170 - m. Calculate the highest common divisor of 13 and z.
13
Let z be 221 - (1/(-4))/((-6)/24). What is the highest common divisor of z and 20?
20
Let a be (-1)/(-1*(-4)/(-40)). What is the greatest common factor of a and 5?
5
Let u be 6/33 - (-2373)/77. Calculate the greatest common divisor of u and 93.
31
Let m(p) = 2*p**3 - p**2 + 3. Let c = -5 + 8. Let f be m(c). Calculate the highest common factor of 16 and f.
16
Let l be (-9 - -18) + -1*1. Calculate the greatest common factor of 88 and l.
8
Suppose 6 = h + 2*h. Suppose 17*x = 18*x - 16. Calculate the highest common divisor of h and x.
2
Let b = 10 + 12. What is the highest common factor of b and 33?
11
Suppose 36 + 46 = -2*n. Let a(s) = 6*s**3 + 3*s**2 - s + 1. Let r be a(2). Let w = r + n. Calculate the greatest common factor of 54 and w.
18
Let t(o) = 2*o**2 + 2*o + 5. Let a be t(0). What is the greatest common divisor of a and 35?
5
Let t(s) = s + 5. Let l be t(7). Let j(k) = k**2 + 9*k + 9. Let u be j(-8). Let g = 9 - u. What is the greatest common divisor of l and g?
4
Let r = 13 + 2. Let t(b) = -3*b**2 - 4*b - 3. Let i be t(-4). Let u = 25 - i. Calculate the highest common divisor of r and u.
15
Suppose 0 = -7*i + 6*i + 105. Suppose -63 = -5*r + 3*q, 3*r + 5*q - 17 - 48 = 0. What is the highest common divisor of i and r?
15
Suppose 2*j - j - 14 = 0. Calculate the greatest common factor of j and 14.
14
Suppose -4*s = -5*t + 832, 2*s + 3*s - 178 = -t. Let m(x) = x + 17. Let g be m(7). What is the greatest common divisor of t and g?
24
Let z = -25 + 52. Let d(v) = 14*v - 3. Let k be d(2). Let j = k + -16. Calculate the greatest common factor of j and z.
9
Let u(l) = 7*l**2 + 2*l + 1. Let b be u(2). Suppose 51 = 2*z - y, z - y - y = b. What is the greatest common divisor of z and 23?
23
Let j be 5 - 8 - -1*55. Suppose -14 - 38 = -4*n. Calculate the highest common factor of j and n.
13
Let t(c) = -2*c**3 - 6*c**2 - 7*c + 8. Let l be t(-4). What is the greatest common divisor of 17 and l?
17
Let y be 1625/45 - (-4)/(-36). What is the highest common divisor of y and 48?
12
Let l = -20 + 46. Suppose -8*g + 12*g = 52. What is the greatest common factor of l and g?
13
Let z = 2 + -2. Let f = 0 + z. Let v be (-2)/(-6)*f - -2. Calculate the greatest common factor of v and 10.
2
Suppose -m = -3*m + 30. Suppose 2*w = -3*w + m. Suppose -3*z = -0*z - 81. What is the greatest common divisor of z and w?
3
Suppose 0 = 4*d - 5*d + 4. Suppose d*h + 106 = 3*i, -2*h + 4*h = 3*i - 98. Suppose -w + 55 + 20 = 0. What is the highest common divisor of w and i?
15
Let x be 1/(-2) + (-41)/(-2). Let h = 44 - 40. What is the highest common divisor of h and x?
4
Suppose -2*v - v + 9 = 5*k, k - 3 = -v. Let r = -7 - -28. Let o = r - v. Calculate the highest common factor of o and 27.
9
Suppose 0 = 2*i - 85 + 25. Let j = -21 + i. Calculate the highest common divisor of j and 63.
9
Suppose -5 = -3*k + 1. Let l = 1 - k. Let d be 24/(l - 4/(-3)). What is the highest common divisor of 8 and d?
8
Let g(m) = -m**2 - 14*m + 27. Let n be g(-15). What is the highest common divisor of n and 72?
12
Let j = 7 - -3. Let s be 1790/25 - (-4)/j. Calculate the greatest common divisor of s and 9.
9
Let v = 1 + -1. Suppose 2*z = -4, v*j + 17 = 5*j - z. Suppose x + l - 1 = 4, -j*x + l = -27. What is the greatest common factor of x and 88?
8
Let f(y) = 3*y**2 + 2*y - 4. Let r be f(-4). Suppose 29 = 10*m - 91. Calculate the highest common divisor of m and r.
12
Let x(i) = i + 4. Let w be x(-3). Calculate the highest common divisor of w and 11.
1
Suppose t + a - 16 = 2*a, 3*t + 3*a = 24. Calculate the greatest common divisor of 60 and t.
12
Suppose -5*m - 3*t = -0*m - 7, 2*m = -t + 3. Calculate the greatest common divisor of 38 and m.
2
Let c(f) = 13*f - 11. Let d be c(5). Calculate the highest common divisor of d and 135.
27
Suppose 282 = 2*h - 3*p, 467 = 4*h - 5*p - 101. Calculate the highest common divisor of 49 and h.
49
Suppose -2*y = y + 66. Let j = -15 - y. What is the highest common factor of 35 and j?
7
Suppose t = 4*z - 51, z - 71 = -3*z - 3*t. What is the highest common divisor of z and 35?
7
Suppose -2*s + 39 - 7 = 0. Calculate the greatest common factor of s and 16.
16
Let a(b) = -b - 1. Let y = -10 + 5. Let w be a(y). Suppose z - 4*h = w*z - 49, -h = -3*z + 29. Calculate the highest common factor of 99 and z.
11
Suppose -3*y = y - 4*h, -5*y - h - 30 = 0. Let i = 12 + y. Suppose 0 = 2*s - s - 14. Calculate the highest common divisor of i and s.
7
Let c = 76 + -132. Let k be (3 - 3) + (0 - c). Calculate the greatest common divisor of k and 14.
14
Suppose -m - 183 = j - 5*j, 5 = 5*m. Calculate the highest common factor of j and 23.
23
Let n = 21 - 9. Calculate the highest common divisor of 3 and n.
3
Let z be 8292/11 - 2/(-11). Suppose -3*p + z = 274. Suppose -5*q = -20, 5*l + 8*q - 3*q - 120 = 0. Calculate the highest common factor of l and p.
20
Let h(w) = -w**2 - 3*w + 1. Let x be h(6). Let z = x + 196. Calculate the greatest common divisor of 13 and z.
13
Let x = -3 + 3. Let t(r) = -3*r + 5 + r**2 + 6*r + x*r**2. Let z be t(-5). Calculate the highest common factor of z and 30.
15
Let o be (6/9)/(2/21). Suppose 0 = -o*b + 2*b - 15. Let y(c) = -5*c**3 + 2*c**2 + 3*c - 1. Let u be y(b). Calculate the greatest common divisor of u and 13.
13
Let y(j) = j**2 + 6*j + 5. Let a be y(-7). Calculate the highest common divisor of a and 12.
12
Let o(b) = b**2 + 9*b - 28. Let h be o(-16). What is the greatest common factor of h and 56?
28
Suppose -b = -4*b + 3. Suppose -r + b = -2*r. Let w be (-5)/r - 3 - -15. What is the greatest common factor of w and 17?
17
Suppose -6*d - 39 = -9*d. What is the highest common divisor of 104 and d?
13
Suppose -k = -0*k + 5. Let x(j) = 4 - 8 + 5 - 3*j**2 + j - j**3 + 5*j. Let d be x(k). What is the greatest common factor of 105 and d?
21
Let v = 1 + 1. Suppose -3*i + v*i - 5*b + 12 = 0, 3*b = -2*i + 38. Let x = -14 - -25. What is the greatest common factor of i and x?
11
Suppose 0*b = b - 33. Let j(d) be the second derivative of 3*d**5/5 - d**3/3 + d**2/2 + 2*d. Let n be j(1). What is the highest common divisor of b and n?
11
Suppose 38 = 3*a - 682. What is the highest common factor of 30 and a?
30
Suppose 4*s + 68 = 4*h, 2*h - s = 4*s + 37. Suppose h = -5*t + 56. Calculate the highest common factor of 1 and t.
1
Let o(y) = y**3 + y + 1. Let v be o(0). Let f = 4 + v. Suppose -f*z = 3 - 83. What is the highest common divisor of z and 48?
16
Let j = 19 + -11. What is the highest common factor of j and 20?
4
Let f(q) = -q**3 - q**2 - q + 3. Let r be f(-3). What is the greatest common divisor of r and 72?
24
Suppose 5*g = 83 + 17. Calculate the greatest common divisor of 8 and g.
4
Let y(p) = p**2 + 6*p + 8. Let x be y(6). What is the greatest common factor of x and 16?
16
Suppose 4*f = 4*r + 16, 4*r = -f - 2*f - 2. Suppose 5*g - 63 = f*g. What is the highest common divisor of g and 3?
3
Let q = 198 - 33. Calculate the greatest common factor of q and 15.
15
Let g(w) = w - 1. Let v be g(4). Suppose v*c = -c + 16. Calculate the highest common divisor of 20 and c.
4
Suppose 0*d + 4*d - 12 = 0. Suppose r - 11 = -x, 0 = -4*x + d*x - 3*r + 17. Calculate the greatest common factor of x and 20.
4
Let o be 4